 by 1428869.
1
Calculate the remainder when 37599 is divided by 4699.
7
What is the remainder when 318623 is divided by 39778?
399
Calculate the remainder when 400840 is divided by 1142.
1140
Calculate the remainder when 26660889 is divided by 30.
9
Calculate the remainder when 11011847 is divided by 184.
183
What is the remainder when 9609 is divided by 504?
33
Calculate the remainder when 25238475 is divided by 901374.
3
Calculate the remainder when 917893 is divided by 36.
1
What is the remainder when 7320 is divided by 4263?
3057
Calculate the remainder when 55636 is divided by 4273.
87
Calculate the remainder when 262873665 is divided by 347.
345
Calculate the remainder when 49891186 is divided by 76.
74
Calculate the remainder when 88037 is divided by 21517.
1969
What is the remainder when 2393235 is divided by 2393217?
18
Calculate the remainder when 9209468 is divided by 1841892.
8
Calculate the remainder when 16907745 is divided by 286.
283
What is the remainder when 294695 is divided by 278?
15
Calculate the remainder when 56327 is divided by 29.
9
Calculate the remainder when 1151716 is divided by 1313.
215
Calculate the remainder when 580823 is divided by 72602.
7
What is the remainder when 788319 is divided by 157662?
9
Calculate the remainder when 313002246 is divided by 1421.
1418
What is the remainder when 521686 is divided by 370?
356
What is the remainder when 1876162 is divided by 22603?
113
What is the remainder when 123099 is divided by 2018?
1
Calculate the remainder when 861080135 is divided by 6.
5
Calculate the remainder when 111164759 is divided by 37054912.
23
Calculate the remainder when 28548 is divided by 166.
162
Calculate the remainder when 1468342 is divided by 168.
22
Calculate the remainder when 117349 is divided by 6288.
4165
What is the remainder when 61739 is divided by 10288?
11
Calculate the remainder when 31219755 is divided by 1486655.
0
What is the remainder when 77082 is divided by 4769?
778
What is the remainder when 578314 is divided by 3369?
2215
Calculate the remainder when 3146898 is divided by 333.
48
What is the remainder when 4884732 is divided by 30?
12
Calculate the remainder when 107062 is divided by 35634.
160
Calculate the remainder when 2345365 is divided by 469020.
265
Calculate the remainder when 28393 is divided by 1128.
193
Calculate the remainder when 8256061 is divided by 1179437.
2
Calculate the remainder when 276705 is divided by 65.
0
Calculate the remainder when 314407 is divided by 376.
71
What is the remainder when 12420298 is divided by 6210134?
30
What is the remainder when 7824069 is divided by 106?
103
Calculate the remainder when 138525 is divided by 136590.
1935
What is the remainder when 19256652 is divided by 1454?
1330
What is the remainder when 275772 is divided by 353?
79
What is the remainder when 610925 is divided by 1124?
593
What is the remainder when 9824950 is divided by 103420?
50
Calculate the remainder when 2671559 is divided by 19.
7
Calculate the remainder when 4183350 is divided by 130729.
22
Calculate the remainder when 33437071 is divided by 109.
13
Calculate the remainder when 100822534 is divided by 870.
844
What is the remainder when 1949334 is divided by 177209?
35
What is the remainder when 11569 is divided by 3399?
1372
Calculate the remainder when 2864977 is divided by 423.
421
What is the remainder when 577395 is divided by 68?
7
What is the remainder when 259701632 is divided by 9?
8
What is the remainder when 43327155 is divided by 19?
11
What is the remainder when 39932737 is divided by 20291?
49
Calculate the remainder when 512437686 is divided by 28.
26
Calculate the remainder when 35612 is divided by 5786.
896
What is the remainder when 418917 is divided by 813?
222
Calculate the remainder when 2753362 is divided by 277.
259
What is the remainder when 901306 is divided by 1271?
167
Calculate the remainder when 18180 is divided by 997.
234
What is the remainder when 367536237 is divided by 72?
69
Calculate the remainder when 9802975 is divided by 337.
319
Calculate the remainder when 2092300 is divided by 52298.
380
What is the remainder when 50436832 is divided by 1442?
1440
Calculate the remainder when 4126 is divided by 687.
4
What is the remainder when 580813 is divided by 499?
476
What is the remainder when 3520525 is divided by 3510?
3505
What is the remainder when 355189 is divided by 27305?
224
Calculate the remainder when 1550969 is divided by 387740.
9
Calculate the remainder when 521592 is divided by 520042.
1550
Calculate the remainder when 1109302078 is divided by 610.
608
What is the remainder when 20167422 is divided by 6722474?
0
Calculate the remainder when 1343699 is divided by 139.
125
Calculate the remainder when 1512379 is divided by 302475.
4
Calculate the remainder when 11148215 is divided by 2284.
11
What is the remainder when 3387696 is divided by 170?
106
What is the remainder when 309513239 is divided by 360?
359
Calculate the remainder when 3268896 is divided by 36.
24
What is the remainder when 14280274 is divided by 2224?
2194
Calculate the remainder when 2302504 is divided by 699.
697
Calculate the remainder when 137678 is divided by 137583.
95
Calculate the remainder when 1256040 is divided by 635.
10
What is the remainder when 278941 is divided by 354?
343
What is the remainder when 175670932 is divided by 369?
364
Calculate the remainder when 6139229 is divided by 126.
5
Calculate the remainder when 83599 is divided by 8.
7
What is the remainder when 554451 is divided by 379?
353
What is the remainder when 747361 is divided by 25763?
234
What is the remainder when 8541354 is divided by 2818?
2814
What is the remainder when 111293 is divided by 55556?
181
What is the remainder when 157132 is divided by 402?
352
Calculate the remainder when 145993 is divided by 4311.
3730
Calculate the remainder when 1895649 is divided by 18954.
249
Calculate the remainder when 927589 is divided by 61.
23
What is the remainder when 574172 is divided by 20?
12
Calculate the remainder when 3335407 is divided by 3856.
3823
What is the remainder when 2877315 is divided by 319681?
186
Calculate the remainder when 21240746 is divided by 168.
2
What is the remainder when 3845598 is divided by 142429?
15
What is the remainder when 37010988 is divided by 2718?
2700
Calculate the remainder when 28610 is divided by 5437.
1425
Calculate the remainder when 794431 is divided by 711.
244
What is the remainder when 457623304 is divided by 357?
355
What is the remainder when 1620602 is divided by 200?
2
What is the remainder when 1823919 is divided by 14709?
3
What is the remainder when 48873 is divided by 6770?
1483
Calculate the remainder when 886930321 is divided by 391.
388
What is the remainder when 2166469 is divided by 342?
241
Calculate the remainder when 412718709 is divided by 2830.
2829
Calculate the remainder when 281828199 is divided by 230.
229
What is the remainder when 6112803 is divided by 1895?
1428
What is the remainder when 5091352 is divided by 106067?
136
What is the remainder when 143960 is divided by 47917?
209
Calculate the remainder when 11199968 is divided by 237.
59
What is the remainder when 62900746 is divided by 445?
441
What is the remainder when 280419 is divided by 65?
9
What is the remainder when 454931 is divided by 454736?
195
Calculate the remainder when 17411127 is divided by 473.
470
What is the remainder when 82537081 is divided by 9?
7
What is the remainder when 1109588 is divided by 3662?
2
What is the remainder when 16353278 is divided by 2336169?
95
Calculate the remainder when 6728126 is divided by 58001.
10
Calculate the remainder when 525362200 is divided by 234223.
11
What is the remainder when 52431613 is divided by 109?
106
Calculate the remainder when 32367102 is divided by 116.
86
What is the remainder when 51893 is divided by 574?
233
What is the remainder when 72437713 is divided by 72437711?
2
What is the remainder when 1379366 is divided by 344638?
814
Calculate the remainder when 157696474 is divided by 14.
12
What is the remainder when 7115263 is divided by 17?
15
Calculate the remainder when 27868557 is divided by 906.
903
Calculate the remainder when 84919917 is divided by 2